{"id":32,"date":"2012-07-23T15:49:37","date_gmt":"2012-07-23T15:49:37","guid":{"rendered":"http:\/\/mahimba.com\/?page_id=32"},"modified":"2023-08-02T13:57:54","modified_gmt":"2023-08-02T12:57:54","slug":"sommerhit-2012","status":"publish","type":"page","link":"https:\/\/ferienhausromantica.ch\/wordpress\/?page_id=32","title":{"rendered":"Preise"},"content":{"rendered":"<p><div class=\"supsystic-table-loader spinner\"style=\"background-color:#000000\"><\/div><div id=\"supsystic-table-1_62062\" class=\"supsystic-tables-wrap \" style=\" width:100%; visibility: hidden; \" data-table-width-fixed=\"100%\" data-table-width-mobile=\"100%\" ><table id=\"supsystic-table-1\" class=\"supsystic-table border lightboxImg cell-border\" data-id=\"1\" data-view-id=\"1_62062\" data-title=\"Preise\" data-currency-format=\"$1,000.00\" data-percent-format=\"10.00%\" data-date-format=\"DD.MM.YYYY\" data-time-format=\"HH:mm\" data-features=\"[&quot;after_table_loaded_script&quot;]\" data-search-value=\"\" data-lightbox-img=\"\" data-head-rows-count=\"1\" data-pagination-length=\"50,100,All\" data-auto-index=\"off\" data-searching-settings=\"{&quot;columnSearchPosition&quot;:&quot;bottom&quot;,&quot;minChars&quot;:&quot;0&quot;}\" data-lang=\"default\" data-override=\"{&quot;emptyTable&quot;:&quot;&quot;,&quot;info&quot;:&quot;&quot;,&quot;infoEmpty&quot;:&quot;&quot;,&quot;infoFiltered&quot;:&quot;&quot;,&quot;lengthMenu&quot;:&quot;&quot;,&quot;search&quot;:&quot;&quot;,&quot;previous&quot;:&quot;&quot;,&quot;next&quot;:&quot;&quot;,&quot;zeroRecords&quot;:&quot;&quot;,&quot;exportLabel&quot;:&quot;&quot;,&quot;file&quot;:&quot;default&quot;}\" data-merged=\"[{&quot;row&quot;:0,&quot;col&quot;:1,&quot;rowspan&quot;:1,&quot;colspan&quot;:2,&quot;removed&quot;:false},{&quot;row&quot;:0,&quot;col&quot;:3,&quot;rowspan&quot;:1,&quot;colspan&quot;:2,&quot;removed&quot;:false},{&quot;row&quot;:0,&quot;col&quot;:5,&quot;rowspan&quot;:1,&quot;colspan&quot;:2,&quot;removed&quot;:false},{&quot;row&quot;:0,&quot;col&quot;:7,&quot;rowspan&quot;:1,&quot;colspan&quot;:2,&quot;removed&quot;:false},{&quot;row&quot;:0,&quot;col&quot;:9,&quot;rowspan&quot;:1,&quot;colspan&quot;:2,&quot;removed&quot;:false},{&quot;row&quot;:7,&quot;col&quot;:1,&quot;rowspan&quot;:1,&quot;colspan&quot;:2,&quot;removed&quot;:false},{&quot;row&quot;:7,&quot;col&quot;:3,&quot;rowspan&quot;:1,&quot;colspan&quot;:2,&quot;removed&quot;:false},{&quot;row&quot;:7,&quot;col&quot;:5,&quot;rowspan&quot;:1,&quot;colspan&quot;:2,&quot;removed&quot;:false},{&quot;row&quot;:7,&quot;col&quot;:7,&quot;rowspan&quot;:1,&quot;colspan&quot;:2,&quot;removed&quot;:false},{&quot;row&quot;:7,&quot;col&quot;:9,&quot;rowspan&quot;:1,&quot;colspan&quot;:2,&quot;removed&quot;:false}]\" data-responsive-mode=\"0\" data-from-history=\"0\" ><thead><tr><th class=\"\" style=\"width:; padding: 0 !important;\"><\/th><th class=\"\" style=\"width:; padding: 0 !important;\"><\/th><th class=\"\" style=\"width:; padding: 0 !important;\"><\/th><th class=\"\" style=\"width:; padding: 0 !important;\"><\/th><th class=\"\" style=\"width:; padding: 0 !important;\"><\/th><th class=\"\" style=\"width:; padding: 0 !important;\"><\/th><th class=\"\" style=\"width:; padding: 0 !important;\"><\/th><th class=\"\" style=\"width:; padding: 0 !important;\"><\/th><th class=\"\" style=\"width:; padding: 0 !important;\"><\/th><th class=\"\" style=\"width:; padding: 0 !important;\"><\/th><th class=\"\" style=\"width:; padding: 0 !important;\"><\/th><\/tr><\/thead><tbody><tr style=\"height:px\" ><td data-cell-id=\"A1\" data-x=\"0\" data-y=\"1\" data-db-index=\"1\" class=\"htCenter htMiddle\" data-cell-type=\"text\" data-original-value=\"Saison\" data-order=\"Saison\" style=\"min-width:35.7518%; \" >Saison <\/td><td data-cell-id=\"B1\" data-x=\"1\" data-y=\"1\" data-db-index=\"1\" class=\"htCenter bold\" data-cell-type=\"text\" data-original-value=\"2 Personen\" data-order=\"2 Personen\" style=\"min-width:7.0452%; \" data-colspan=\"2\" data-rowspan=\"1\" >2 Personen <\/td><td data-cell-id=\"C1\" data-x=\"2\" data-y=\"1\" data-db-index=\"1\" class=\"htCenter bold\" data-cell-type=\"text\" data-original-value=\"\" data-order=\"\" style=\"min-width:6.5195%; \" data-hide=\"true\" ><\/td><td data-cell-id=\"D1\" data-x=\"3\" data-y=\"1\" data-db-index=\"1\" class=\"htCenter bold\" data-cell-type=\"text\" data-original-value=\"3 Personen\" data-order=\"3 Personen\" style=\"min-width:7.1504%; \" data-colspan=\"2\" data-rowspan=\"1\" >3 Personen <\/td><td data-cell-id=\"E1\" data-x=\"4\" data-y=\"1\" data-db-index=\"1\" class=\"htCenter bold\" data-cell-type=\"text\" data-original-value=\"\" data-order=\"\" style=\"min-width:6.4143%; \" data-hide=\"true\" ><\/td><td data-cell-id=\"F1\" data-x=\"5\" data-y=\"1\" data-db-index=\"1\" class=\"htCenter bold\" data-cell-type=\"text\" data-original-value=\"4 Personen\" data-order=\"4 Personen\" style=\"min-width:6.5195%; \" data-colspan=\"2\" data-rowspan=\"1\" >4 Personen <\/td><td data-cell-id=\"G1\" data-x=\"6\" data-y=\"1\" data-db-index=\"1\" class=\"htCenter bold\" data-cell-type=\"text\" data-original-value=\"\" data-order=\"\" style=\"min-width:6.6246%; \" data-hide=\"true\" ><\/td><td data-cell-id=\"H1\" data-x=\"7\" data-y=\"1\" data-db-index=\"1\" class=\"htCenter bold\" data-cell-type=\"text\" data-original-value=\"5 Personen\" data-order=\"5 Personen\" style=\"min-width:5.6782%; \" data-colspan=\"2\" data-rowspan=\"1\" >5 Personen <\/td><td data-cell-id=\"I1\" data-x=\"8\" data-y=\"1\" data-db-index=\"1\" class=\"htCenter bold\" data-cell-type=\"text\" data-original-value=\"\" data-order=\"\" style=\"min-width:6.0988%; \" data-hide=\"true\" ><\/td><td data-cell-id=\"J1\" data-x=\"9\" data-y=\"1\" data-db-index=\"1\" class=\"htCenter bold\" data-cell-type=\"text\" data-original-value=\"6 Personen\" data-order=\"6 Personen\" style=\"min-width:6.0988%; \" data-colspan=\"2\" data-rowspan=\"1\" >6 Personen <\/td><td data-cell-id=\"K1\" data-x=\"10\" data-y=\"1\" data-db-index=\"1\" class=\"htCenter bold\" data-cell-type=\"text\" data-original-value=\"\" data-order=\"\" style=\"min-width:6.0988%; \" data-hide=\"true\" ><\/td><\/tr><tr style=\"height:px\" ><td data-cell-id=\"A2\" data-x=\"0\" data-y=\"2\" data-db-index=\"2\" class=\"htCenter htMiddle bold\" data-cell-type=\"text\" data-original-value=\"Juni \/ September\" data-order=\"Juni \/ September\" >Juni \/ September <\/td><td data-cell-id=\"B2\" data-x=\"1\" data-y=\"2\" data-db-index=\"2\" class=\"htCenter htMiddle bg-d4b864\" data-cell-type=\"text\" data-original-value=\"60.-\" data-order=\"60.-\" >60.- <\/td><td data-cell-id=\"C2\" data-x=\"2\" data-y=\"2\" data-db-index=\"2\" class=\"htCenter htMiddle bg-a18c4d\" data-cell-type=\"text\" data-original-value=\"75.-\" data-order=\"75.-\" >75.- <\/td><td data-cell-id=\"D2\" data-x=\"3\" data-y=\"2\" data-db-index=\"2\" class=\"htCenter htMiddle bg-d4b864\" data-cell-type=\"text\" data-original-value=\"70.-\" data-order=\"70.-\" >70.- <\/td><td data-cell-id=\"E2\" data-x=\"4\" data-y=\"2\" data-db-index=\"2\" class=\"htCenter htMiddle bg-a18c4d\" data-cell-type=\"text\" data-original-value=\"85.-\" data-order=\"85.-\" >85.- <\/td><td data-cell-id=\"F2\" data-x=\"5\" data-y=\"2\" data-db-index=\"2\" class=\"htCenter htMiddle bg-d4b864\" data-cell-type=\"text\" data-original-value=\"80.-\" data-order=\"80.-\" >80.- <\/td><td data-cell-id=\"G2\" data-x=\"6\" data-y=\"2\" data-db-index=\"2\" class=\"htCenter htMiddle bg-a18c4d\" data-cell-type=\"text\" data-original-value=\"95.-\" data-order=\"95.-\" >95.- <\/td><td data-cell-id=\"H2\" data-x=\"7\" data-y=\"2\" data-db-index=\"2\" class=\"htCenter htMiddle bg-d4b864\" data-cell-type=\"text\" data-original-value=\"\" data-order=\"\" ><\/td><td data-cell-id=\"I2\" data-x=\"8\" data-y=\"2\" data-db-index=\"2\" class=\"htCenter htMiddle bg-a18c4d\" data-cell-type=\"text\" data-original-value=\"105.-\" data-order=\"105.-\" >105.- <\/td><td data-cell-id=\"J2\" data-x=\"9\" data-y=\"2\" data-db-index=\"2\" class=\"htCenter htMiddle bg-d4b864\" data-cell-type=\"text\" data-original-value=\"\" data-order=\"\" ><\/td><td data-cell-id=\"K2\" data-x=\"10\" data-y=\"2\" data-db-index=\"2\" class=\"htCenter htMiddle bg-a18c4d\" data-cell-type=\"text\" data-original-value=\"115.-\" data-order=\"115.-\" >115.- <\/td><\/tr><tr style=\"height:px\" ><td data-cell-id=\"A3\" data-x=\"0\" data-y=\"3\" data-db-index=\"3\" class=\"htCenter htMiddle bold\" data-cell-type=\"text\" data-original-value=\"Ende April \/ Mai \/ Okt. \/ Nov.\" data-order=\"Ende April \/ Mai \/ Okt. \/ Nov.\" >Ende April \/ Mai \/ Okt. \/ Nov. <\/td><td data-cell-id=\"B3\" data-x=\"1\" data-y=\"3\" data-db-index=\"3\" class=\"htCenter htMiddle bg-d4b864\" data-cell-type=\"text\" data-original-value=\"55.-\" data-order=\"55.-\" >55.- <\/td><td data-cell-id=\"C3\" data-x=\"2\" data-y=\"3\" data-db-index=\"3\" class=\"htCenter htMiddle bg-a18c4d\" data-cell-type=\"text\" data-original-value=\"65.-\" data-order=\"65.-\" >65.- <\/td><td data-cell-id=\"D3\" data-x=\"3\" data-y=\"3\" data-db-index=\"3\" class=\"htCenter htMiddle bg-d4b864\" data-cell-type=\"text\" data-original-value=\"65.-\" data-order=\"65.-\" >65.- <\/td><td data-cell-id=\"E3\" data-x=\"4\" data-y=\"3\" data-db-index=\"3\" class=\"htCenter htMiddle bg-a18c4d\" data-cell-type=\"text\" data-original-value=\"75.-\" data-order=\"75.-\" >75.- <\/td><td data-cell-id=\"F3\" data-x=\"5\" data-y=\"3\" data-db-index=\"3\" class=\"htCenter htMiddle bg-d4b864\" data-cell-type=\"text\" data-original-value=\"75.-\" data-order=\"75.-\" >75.- <\/td><td data-cell-id=\"G3\" data-x=\"6\" data-y=\"3\" data-db-index=\"3\" class=\"htCenter htMiddle bg-a18c4d\" data-cell-type=\"text\" data-original-value=\"85.-\" data-order=\"85.-\" >85.- <\/td><td data-cell-id=\"H3\" data-x=\"7\" data-y=\"3\" data-db-index=\"3\" class=\"htCenter htMiddle bg-d4b864\" data-cell-type=\"text\" data-original-value=\"\" data-order=\"\" ><\/td><td data-cell-id=\"I3\" data-x=\"8\" data-y=\"3\" data-db-index=\"3\" class=\"htCenter htMiddle bg-a18c4d\" data-cell-type=\"text\" data-original-value=\"95.-\" data-order=\"95.-\" >95.- <\/td><td data-cell-id=\"J3\" data-x=\"9\" data-y=\"3\" data-db-index=\"3\" class=\"htCenter htMiddle bg-d4b864\" data-cell-type=\"text\" data-original-value=\"\" data-order=\"\" ><\/td><td data-cell-id=\"K3\" data-x=\"10\" data-y=\"3\" data-db-index=\"3\" class=\"htCenter htMiddle bg-a18c4d\" data-cell-type=\"text\" data-original-value=\"105.-\" data-order=\"105.-\" >105.- <\/td><\/tr><tr style=\"height:px\" ><td data-cell-id=\"A4\" data-x=\"0\" data-y=\"4\" data-db-index=\"4\" class=\"htCenter htMiddle bold\" data-cell-type=\"text\" data-original-value=\"MItte Januar\" data-order=\"MItte Januar\" >MItte Januar <\/td><td data-cell-id=\"B4\" data-x=\"1\" data-y=\"4\" data-db-index=\"4\" class=\"htCenter htMiddle bg-d4b864\" data-cell-type=\"text\" data-original-value=\"65.-\" data-order=\"65.-\" >65.- <\/td><td data-cell-id=\"C4\" data-x=\"2\" data-y=\"4\" data-db-index=\"4\" class=\"htCenter htMiddle bg-a18c4d\" data-cell-type=\"text\" data-original-value=\"85.-\" data-order=\"85.-\" >85.- <\/td><td data-cell-id=\"D4\" data-x=\"3\" data-y=\"4\" data-db-index=\"4\" class=\"htCenter htMiddle bg-d4b864\" data-cell-type=\"text\" data-original-value=\"75.-\" data-order=\"75.-\" >75.- <\/td><td data-cell-id=\"E4\" data-x=\"4\" data-y=\"4\" data-db-index=\"4\" class=\"htCenter htMiddle bg-a18c4d\" data-cell-type=\"text\" data-original-value=\"95.-\" data-order=\"95.-\" >95.- <\/td><td data-cell-id=\"F4\" data-x=\"5\" data-y=\"4\" data-db-index=\"4\" class=\"htCenter htMiddle bg-d4b864\" data-cell-type=\"text\" data-original-value=\"85.-\" data-order=\"85.-\" >85.- <\/td><td data-cell-id=\"G4\" data-x=\"6\" data-y=\"4\" data-db-index=\"4\" class=\"htCenter htMiddle bg-a18c4d\" data-cell-type=\"text\" data-original-value=\"105.-\" data-order=\"105.-\" >105.- <\/td><td data-cell-id=\"H4\" data-x=\"7\" data-y=\"4\" data-db-index=\"4\" class=\"htCenter htMiddle bg-d4b864\" data-cell-type=\"text\" data-original-value=\"\" data-order=\"\" ><\/td><td data-cell-id=\"I4\" data-x=\"8\" data-y=\"4\" data-db-index=\"4\" class=\"htCenter htMiddle bg-a18c4d\" data-cell-type=\"text\" data-original-value=\"115.-\" data-order=\"115.-\" >115.- <\/td><td data-cell-id=\"J4\" data-x=\"9\" data-y=\"4\" data-db-index=\"4\" class=\"htCenter htMiddle bg-d4b864\" data-cell-type=\"text\" data-original-value=\"\" data-order=\"\" ><\/td><td data-cell-id=\"K4\" data-x=\"10\" data-y=\"4\" data-db-index=\"4\" class=\"htCenter htMiddle bg-a18c4d\" data-cell-type=\"text\" data-original-value=\"125.-\" data-order=\"125.-\" >125.- <\/td><\/tr><tr style=\"height:px\" ><td data-cell-id=\"A5\" data-x=\"0\" data-y=\"5\" data-db-index=\"5\" class=\"htCenter htMiddle bold\" data-cell-type=\"text\" data-original-value=\"Januar \/ Februar \/ M\u00e4rz\" data-order=\"Januar \/ Februar \/ M\u00e4rz\" >Januar \/ Februar \/ M\u00e4rz <\/td><td data-cell-id=\"B5\" data-x=\"1\" data-y=\"5\" data-db-index=\"5\" class=\"htCenter htMiddle bg-d4b864\" data-cell-type=\"text\" data-original-value=\"75.-\" data-order=\"75.-\" >75.- <\/td><td data-cell-id=\"C5\" data-x=\"2\" data-y=\"5\" data-db-index=\"5\" class=\"htCenter htMiddle bg-a18c4d\" data-cell-type=\"text\" data-original-value=\"95.-\" data-order=\"95.-\" >95.- <\/td><td data-cell-id=\"D5\" data-x=\"3\" data-y=\"5\" data-db-index=\"5\" class=\"htCenter htMiddle bg-d4b864\" data-cell-type=\"text\" data-original-value=\"85.-\" data-order=\"85.-\" >85.- <\/td><td data-cell-id=\"E5\" data-x=\"4\" data-y=\"5\" data-db-index=\"5\" class=\"htCenter htMiddle bg-a18c4d\" data-cell-type=\"text\" data-original-value=\"105.-\" data-order=\"105.-\" >105.- <\/td><td data-cell-id=\"F5\" data-x=\"5\" data-y=\"5\" data-db-index=\"5\" class=\"htCenter htMiddle bg-d4b864\" data-cell-type=\"text\" data-original-value=\"95.-\" data-order=\"95.-\" >95.- <\/td><td data-cell-id=\"G5\" data-x=\"6\" data-y=\"5\" data-db-index=\"5\" class=\"htCenter htMiddle bg-a18c4d\" data-cell-type=\"text\" data-original-value=\"115.-\" data-order=\"115.-\" >115.- <\/td><td data-cell-id=\"H5\" data-x=\"7\" data-y=\"5\" data-db-index=\"5\" class=\"htCenter htMiddle bg-d4b864\" data-cell-type=\"text\" data-original-value=\"\" data-order=\"\" ><\/td><td data-cell-id=\"I5\" data-x=\"8\" data-y=\"5\" data-db-index=\"5\" class=\"htCenter htMiddle bg-a18c4d\" data-cell-type=\"text\" data-original-value=\"135.-\" data-order=\"135.-\" >135.- <\/td><td data-cell-id=\"J5\" data-x=\"9\" data-y=\"5\" data-db-index=\"5\" class=\"htCenter htMiddle bg-d4b864\" data-cell-type=\"text\" data-original-value=\"\" data-order=\"\" ><\/td><td data-cell-id=\"K5\" data-x=\"10\" data-y=\"5\" data-db-index=\"5\" class=\"htCenter htMiddle bg-a18c4d\" data-cell-type=\"text\" data-original-value=\"155.-\" data-order=\"155.-\" >155.- <\/td><\/tr><tr style=\"height:px\" ><td data-cell-id=\"A6\" data-x=\"0\" data-y=\"6\" data-db-index=\"6\" class=\"htCenter htMiddle bold\" data-cell-type=\"text\" data-original-value=\"Ende Juni \/ Juli \/ August \/ Anfangs September\" data-order=\"Ende Juni \/ Juli \/ August \/ Anfangs September\" >Ende Juni \/ Juli \/ August \/ Anfangs September <\/td><td data-cell-id=\"B6\" data-x=\"1\" data-y=\"6\" data-db-index=\"6\" class=\"htCenter htMiddle bg-d4b864\" data-cell-type=\"text\" data-original-value=\"85.-\" data-order=\"85.-\" >85.- <\/td><td data-cell-id=\"C6\" data-x=\"2\" data-y=\"6\" data-db-index=\"6\" class=\"htCenter htMiddle bg-a18c4d\" data-cell-type=\"text\" data-original-value=\"105.-\" data-order=\"105.-\" >105.- <\/td><td data-cell-id=\"D6\" data-x=\"3\" data-y=\"6\" data-db-index=\"6\" class=\"htCenter htMiddle bg-d4b864\" data-cell-type=\"text\" data-original-value=\"95.-\" data-order=\"95.-\" >95.- <\/td><td data-cell-id=\"E6\" data-x=\"4\" data-y=\"6\" data-db-index=\"6\" class=\"htCenter htMiddle bg-a18c4d\" data-cell-type=\"text\" data-original-value=\"115.-\" data-order=\"115.-\" >115.- <\/td><td data-cell-id=\"F6\" data-x=\"5\" data-y=\"6\" data-db-index=\"6\" class=\"htCenter htMiddle bg-d4b864\" data-cell-type=\"text\" data-original-value=\"105.-\" data-order=\"105.-\" >105.- <\/td><td data-cell-id=\"G6\" data-x=\"6\" data-y=\"6\" data-db-index=\"6\" class=\"htCenter htMiddle bg-a18c4d\" data-cell-type=\"text\" data-original-value=\"125.-\" data-order=\"125.-\" >125.- <\/td><td data-cell-id=\"H6\" data-x=\"7\" data-y=\"6\" data-db-index=\"6\" class=\"htCenter htMiddle bg-d4b864\" data-cell-type=\"text\" data-original-value=\"\" data-order=\"\" ><\/td><td data-cell-id=\"I6\" data-x=\"8\" data-y=\"6\" data-db-index=\"6\" class=\"htCenter htMiddle bg-a18c4d\" data-cell-type=\"text\" data-original-value=\"145.-\" data-order=\"145.-\" >145.- <\/td><td data-cell-id=\"J6\" data-x=\"9\" data-y=\"6\" data-db-index=\"6\" class=\"htCenter htMiddle bg-d4b864\" data-cell-type=\"text\" data-original-value=\"\" data-order=\"\" ><\/td><td data-cell-id=\"K6\" data-x=\"10\" data-y=\"6\" data-db-index=\"6\" class=\"htCenter htMiddle bg-a18c4d\" data-cell-type=\"text\" data-original-value=\"165.-\" data-order=\"165.-\" >165.- <\/td><\/tr><tr style=\"height:px\" ><td data-cell-id=\"A7\" data-x=\"0\" data-y=\"7\" data-db-index=\"7\" class=\"htCenter htMiddle bold\" data-cell-type=\"text\" data-original-value=\"HOCHSAISON\" data-order=\"HOCHSAISON\" >HOCHSAISON <\/td><td data-cell-id=\"B7\" data-x=\"1\" data-y=\"7\" data-db-index=\"7\" class=\"htCenter htMiddle bg-d4b864\" data-cell-type=\"text\" data-original-value=\"105.-\" data-order=\"105.-\" >105.- <\/td><td data-cell-id=\"C7\" data-x=\"2\" data-y=\"7\" data-db-index=\"7\" class=\"htCenter htMiddle bg-a18c4d\" data-cell-type=\"text\" data-original-value=\"115.-\" data-order=\"115.-\" >115.- <\/td><td data-cell-id=\"D7\" data-x=\"3\" data-y=\"7\" data-db-index=\"7\" class=\"htCenter htMiddle bg-d4b864\" data-cell-type=\"text\" data-original-value=\"105.-\" data-order=\"105.-\" >105.- <\/td><td data-cell-id=\"E7\" data-x=\"4\" data-y=\"7\" data-db-index=\"7\" class=\"htCenter htMiddle bg-a18c4d\" data-cell-type=\"text\" data-original-value=\"125.-\" data-order=\"125.-\" >125.- <\/td><td data-cell-id=\"F7\" data-x=\"5\" data-y=\"7\" data-db-index=\"7\" class=\"htCenter htMiddle bg-d4b864\" data-cell-type=\"text\" data-original-value=\"115.-\" data-order=\"115.-\" >115.- <\/td><td data-cell-id=\"G7\" data-x=\"6\" data-y=\"7\" data-db-index=\"7\" class=\"htCenter htMiddle bg-a18c4d\" data-cell-type=\"text\" data-original-value=\"135.-\" data-order=\"135.-\" >135.- <\/td><td data-cell-id=\"H7\" data-x=\"7\" data-y=\"7\" data-db-index=\"7\" class=\"htCenter htMiddle bg-d4b864\" data-cell-type=\"text\" data-original-value=\"\" data-order=\"\" ><\/td><td data-cell-id=\"I7\" data-x=\"8\" data-y=\"7\" data-db-index=\"7\" class=\"htCenter htMiddle bg-a18c4d\" data-cell-type=\"text\" data-original-value=\"160.-\" data-order=\"160.-\" >160.- <\/td><td data-cell-id=\"J7\" data-x=\"9\" data-y=\"7\" data-db-index=\"7\" class=\"htCenter htMiddle bg-d4b864\" data-cell-type=\"text\" data-original-value=\"\" data-order=\"\" ><\/td><td data-cell-id=\"K7\" data-x=\"10\" data-y=\"7\" data-db-index=\"7\" class=\"htCenter htMiddle bg-a18c4d\" data-cell-type=\"text\" data-original-value=\"185.-\" data-order=\"185.-\" >185.- <\/td><\/tr><tr style=\"height:px\" ><td data-cell-id=\"A8\" data-x=\"0\" data-y=\"8\" data-db-index=\"8\" class=\"htCenter htMiddle\" data-cell-type=\"text\" data-original-value=\"Endreinigung\" data-order=\"Endreinigung\" >Endreinigung <\/td><td data-cell-id=\"B8\" data-x=\"1\" data-y=\"8\" data-db-index=\"8\" class=\"htCenter htMiddle bg-7d7356\" data-cell-type=\"text\" data-original-value=\"80.-\" data-order=\"80.-\" data-colspan=\"2\" data-rowspan=\"1\" >80.- <\/td><td data-cell-id=\"C8\" data-x=\"2\" data-y=\"8\" data-db-index=\"8\" class=\"htCenter htMiddle bg-7d7356\" data-cell-type=\"text\" data-original-value=\"\" data-order=\"\" data-hide=\"true\" ><\/td><td data-cell-id=\"D8\" data-x=\"3\" data-y=\"8\" data-db-index=\"8\" class=\"htCenter htMiddle bg-7d7356\" data-cell-type=\"text\" data-original-value=\"100.-\" data-order=\"100.-\" data-colspan=\"2\" data-rowspan=\"1\" >100.- <\/td><td data-cell-id=\"E8\" data-x=\"4\" data-y=\"8\" data-db-index=\"8\" class=\"htCenter htMiddle bg-7d7356\" data-cell-type=\"text\" data-original-value=\"\" data-order=\"\" data-hide=\"true\" ><\/td><td data-cell-id=\"F8\" data-x=\"5\" data-y=\"8\" data-db-index=\"8\" class=\"htCenter htMiddle bg-7d7356\" data-cell-type=\"text\" data-original-value=\"110.-\" data-order=\"110.-\" data-colspan=\"2\" data-rowspan=\"1\" >110.- <\/td><td data-cell-id=\"G8\" data-x=\"6\" data-y=\"8\" data-db-index=\"8\" class=\"htCenter htMiddle bg-7d7356\" data-cell-type=\"text\" data-original-value=\"\" data-order=\"\" data-hide=\"true\" ><\/td><td data-cell-id=\"H8\" data-x=\"7\" data-y=\"8\" data-db-index=\"8\" class=\"htCenter htMiddle bg-7d7356\" data-cell-type=\"text\" data-original-value=\"120.-\" data-order=\"120.-\" data-colspan=\"2\" data-rowspan=\"1\" >120.- <\/td><td data-cell-id=\"I8\" data-x=\"8\" data-y=\"8\" data-db-index=\"8\" class=\"htCenter htMiddle bg-7d7356\" data-cell-type=\"text\" data-original-value=\"\" data-order=\"\" data-hide=\"true\" ><\/td><td data-cell-id=\"J8\" data-x=\"9\" data-y=\"8\" data-db-index=\"8\" class=\"htCenter htMiddle bg-7d7356\" data-cell-type=\"text\" data-original-value=\"130.-\" data-order=\"130.-\" data-colspan=\"2\" data-rowspan=\"1\" >130.- <\/td><td data-cell-id=\"K8\" data-x=\"10\" data-y=\"8\" data-db-index=\"8\" class=\"htCenter htMiddle bg-7d7356\" data-cell-type=\"text\" data-original-value=\"\" data-order=\"\" data-hide=\"true\" ><\/td><\/tr><\/tbody><\/table><!-- \/#supsystic-table-1.supsystic-table --><\/div><!-- \/.supsystic-tables-wrap --><!-- Tables Generator by Supsystic --><!-- Version:1.10.37 --><!-- http:\/\/supsystic.com\/ --><a title=\"WordPress Table\" style=\"display:none;\" href=\"https:\/\/supsystic.com\/plugins\/wordpress-data-table-plugin\/?utm_medium=love_link\" target=\"_blank\">WordPress Table<\/a><\/p>\n<p style=\"color:#d4b864;font-size:25px\" class=\"has-text-color\"> <strong>Wohnung \u201eHirsch &amp; Kuh\u201c *** (4er Wohnung&nbsp;f\u00fcr 2-4 Personen)<\/strong> <\/p>\n<p style=\"color:#a18c4d;font-size:25px\" class=\"has-text-color\"> <strong>Wohnung \u201eEule &amp; Hirsch\u201c *** (6er Wohnung f\u00fcr 2-6 Personen)<\/strong> <\/p>\n<h3 class=\"wp-block-heading\">Bitte Fragen Sie immer nach den Preisen. Eine Hochsaison kann auch im Februar oder August sein.<\/h3>\n<h3 class=\"wp-block-heading\">Bettw\u00e4sche, K\u00fcchent\u00fccher und Frottew\u00e4sche f\u00fcr\u2019s Badezimmer sind vorhanden.<\/h3>\n<h3 class=\"wp-block-heading\">Nebenskosten: Pauschale p. Person\/Tag Erwachsene CHF 3.00 \/ Kinder CHF 2.00 <br \/>(Strom, Wasser, Heizung und Bettw\u00e4sche) <\/h3>\n<h3 class=\"wp-block-heading\"><strong>Obligatorische Taxen pro Person \/ pro Tag:<\/strong><\/h3>\n<h3 class=\"wp-block-heading\"><strong>Sommer:<\/strong>Kurtaxen Erwachsene CHF 7.00 \/ Kinder CHF 3.50 (6-16 Jahre)<\/h3>\n<h3 class=\"wp-block-heading\"><strong>Winter: <\/strong>Kurtaxen Erwachsene CHF&nbsp;4.50 \/ Kinder CHF&nbsp;2.25 (6-16 Jahre)<\/h3>\n<h2 class=\"wp-block-heading\"> Akzeptierte Zahlungsmittel: <\/h2>\n<ul class=\"wp-block-list\">\n<li>Barzahlung CHF<\/li>\n<li>Maestro<\/li>\n<li>Visa<\/li>\n<li>Paypal<\/li>\n<li>Post Card<\/li>\n<li>TWINT<\/li>\n<\/ul>\n","protected":false},"excerpt":{"rendered":"<p>Wohnung \u201eHirsch &amp; Kuh\u201c *** (4er Wohnung&nbsp;f\u00fcr 2-4 Personen) Wohnung \u201eEule &amp; Hirsch\u201c *** (6er Wohnung f\u00fcr 2-6 Personen) Bitte Fragen Sie immer nach den Preisen. Eine Hochsaison kann auch im Februar oder August sein. Bettw\u00e4sche, K\u00fcchent\u00fccher und Frottew\u00e4sche f\u00fcr\u2019s Badezimmer sind vorhanden. Nebenskosten: Pauschale p. Person\/Tag Erwachsene CHF 3.00 &#8230;<\/p>\n","protected":false},"author":1,"featured_media":0,"parent":0,"menu_order":4,"comment_status":"closed","ping_status":"closed","template":"","meta":{"footnotes":""},"class_list":["post-32","page","type-page","status-publish","hentry","column","twocol"],"_links":{"self":[{"href":"https:\/\/ferienhausromantica.ch\/wordpress\/index.php?rest_route=\/wp\/v2\/pages\/32","targetHints":{"allow":["GET"]}}],"collection":[{"href":"https:\/\/ferienhausromantica.ch\/wordpress\/index.php?rest_route=\/wp\/v2\/pages"}],"about":[{"href":"https:\/\/ferienhausromantica.ch\/wordpress\/index.php?rest_route=\/wp\/v2\/types\/page"}],"author":[{"embeddable":true,"href":"https:\/\/ferienhausromantica.ch\/wordpress\/index.php?rest_route=\/wp\/v2\/users\/1"}],"replies":[{"embeddable":true,"href":"https:\/\/ferienhausromantica.ch\/wordpress\/index.php?rest_route=%2Fwp%2Fv2%2Fcomments&post=32"}],"version-history":[{"count":11,"href":"https:\/\/ferienhausromantica.ch\/wordpress\/index.php?rest_route=\/wp\/v2\/pages\/32\/revisions"}],"predecessor-version":[{"id":1171,"href":"https:\/\/ferienhausromantica.ch\/wordpress\/index.php?rest_route=\/wp\/v2\/pages\/32\/revisions\/1171"}],"wp:attachment":[{"href":"https:\/\/ferienhausromantica.ch\/wordpress\/index.php?rest_route=%2Fwp%2Fv2%2Fmedia&parent=32"}],"curies":[{"name":"wp","href":"https:\/\/api.w.org\/{rel}","templated":true}]}}